rue
Suppose -2 = -l - 4. Let t be (-4)/(l - (-6 - -3)). Is (-211)/(t + (4 - 1)) composite?
False
Suppose -109545 = -36*m + 162579. Is m a composite number?
False
Let n = -10343 + 18804. Is n composite?
False
Let s = -518 - -899. Suppose 2*u + u = -s. Let i = 246 + u. Is i a composite number?
True
Let m(w) be the first derivative of -11*w**3/3 + 3*w**2 + 7*w + 4. Let c be m(-5). Let l = c + 927. Is l a prime number?
False
Suppose 22*p + 5700 = h + 21*p, 2*h - 11405 = -3*p. Is h a composite number?
False
Let g(x) = x**3 + 20*x**2 + x - 13. Suppose -4*v - 2*s - 86 = 0, -90 = 3*v + 2*v - s. Is g(v) composite?
True
Let u = 371 - 262. Is u prime?
True
Suppose 4068 = 3*i - 2*v, -4065 = -i - 2*i + 3*v. Let l = -191 + i. Is l/2 + 13/(-26) a composite number?
True
Let p(v) = 3576*v**2 - 14*v - 21. Is p(-2) a prime number?
False
Let r = -6532 + 14399. Is r composite?
False
Let x be (-5)/45*3 - (-4)/(-6). Is (x/(-2) + 0)/(3/4722) a prime number?
True
Suppose 51313 = 18*t + 5*t. Is t prime?
False
Suppose -2*d = -4*n - 10, -5*d = -5*n - 22 + 7. Is 3 + -4 + d + 2031/3 a prime number?
True
Suppose -8*d + 36 = -2*d. Let w = d + 1. Suppose -w*m + 447 = -4*m. Is m a composite number?
False
Let n(l) = 19*l + 20*l + 2309 - 35*l. Is n(0) prime?
True
Suppose p = 3*f + 1, 0 = -7*p + 4*p - 2*f + 25. Let a(w) = 2*w + 7 + 2*w + 26*w. Is a(p) composite?
True
Let r = 48457 + -5254. Is r prime?
False
Let i(s) = s**3 + 13*s**2 - 8*s + 6. Let o be i(13). Suppose -5*g + o = 791. Is g composite?
False
Let i(u) = -7 + 8*u - 3*u - 3*u + 3*u**2. Is i(-3) a composite number?
True
Let t(f) be the third derivative of -f**5/10 + 7*f**4/24 + 4*f**3/3 + 8*f**2. Let z(l) be the first derivative of t(l). Is z(-5) a prime number?
True
Suppose -11 = -2*v - 5. Suppose -37399 = -5*p - v*j, 9*p + 2*j - 29920 = 5*p. Is p a prime number?
True
Let l(j) = -j**2 - 10*j - 11. Let q be l(-8). Suppose 0 = 3*b - q*x - 25, -b - 65 = -4*b - 5*x. Is (b/9)/((-3)/(-333)) composite?
True
Suppose 0 = -g - 2 + 7. Suppose 0 = -4*o + 4*q + 100, -6*o + g*q = -3*o - 77. Is 44*(-3)/o*-26 a composite number?
True
Suppose -2*w - 3*m = -4*w + 1647, 0 = 4*w - m - 3299. Let h(p) = -454*p**2 + 5*p + 7. Let r be h(-1). Let o = w + r. Is o a composite number?
False
Suppose 0 = 5*y - 9 - 6. Let l be 2 + -1 - (-66 - 0). Suppose 0 = -y*u - 2*v + l + 92, u + v = 52. Is u prime?
False
Let g(r) = -42*r + 1. Let i(h) = -169*h + 4. Let a(k) = 9*g(k) - 2*i(k). Is a(-4) a composite number?
True
Let y(q) = 248*q - 103. Is y(48) prime?
True
Let w = 4539 + -18392. Is w/(-17) - (288/153 + -2) a prime number?
False
Suppose 5*p - 3*p - 610 = f, 3*p + 5*f = 941. Let k = -180 + p. Is k composite?
False
Suppose 0 = -4*l + y - 3*y + 4, 2*y = 0. Let x(u) = 366*u**2 - 2*u + 1. Is x(l) prime?
False
Let w be 28/3 + 2/3. Is (6/w - 0) + (-11904)/(-10) composite?
True
Suppose 0 = 7*h - 2*h - 20. Suppose 4*a = h*d + d + 1686, 4*a - 3*d = 1682. Is a a composite number?
False
Let q(b) = 24*b**2 - 34*b - 73. Is q(25) prime?
False
Let y be (231/(-6) + -3)*2. Let x be 3/6*-2*y. Suppose -4*v + 3*q = -290 - x, 0 = -4*v - q + 393. Is v prime?
True
Let o be 5/((-5)/(-21)) + -3. Let u(y) = 4*y**3 - y**2 - y + 1. Let j be u(1). Let a = j + o. Is a prime?
False
Suppose -180*y - 1968 = -196*y. Is y prime?
False
Let w = -50 - -56. Is ((-3508)/8)/(1 + w/(-4)) prime?
True
Let l = -835 - -1748. Is l a prime number?
False
Suppose 3*t = -4*k + 90479, -8*t - 4*k = -9*t + 30165. Is t composite?
False
Let g be 1/2 + 5/30*-15. Is g/(-3)*(-2361)/(-2) composite?
False
Suppose 10*f - 3*t = 14*f - 20319, 0 = -f - 4*t + 5083. Is f composite?
True
Let d(u) = 9171*u**2 + 15*u + 17. Is d(-1) a prime number?
True
Is ((-2)/6*-9 + -2)*853 a prime number?
True
Suppose 31*v = -4*c + 35*v + 38624, 4*c + 5*v - 38651 = 0. Is c composite?
True
Let q be 14 - ((-4)/4 + 2) - 3. Suppose 4*f = -q*f + 19502. Is f a composite number?
True
Suppose 3*k + 3709 = f, f + 3723 = 2*f + 4*k. Suppose -f = 3*h - 8*h. Is h a composite number?
False
Let u be -3*4/3 + -3. Let n be -15 - -1 - (-10 - u). Is (n/(-2))/((-13)/(-962)) prime?
False
Suppose -7*r = -9*r + 8. Suppose 4986 = r*g + 1822. Is g composite?
True
Let n(q) = -1294*q**2 - 14*q - 3. Let x(z) = -863*z**2 - 9*z - 2. Let p(l) = 5*n(l) - 8*x(l). Is p(-2) prime?
True
Let f(c) = 3*c + 23. Let x be f(-13). Is 2/(8/3237) + 4/x a prime number?
True
Suppose -6*m + 75878 = -3*m - 5*q, 4*q = -2*m + 50622. Is m prime?
True
Suppose -38*a + 19497 = 5*b - 37*a, 0 = -3*a + 6. Is b prime?
False
Let i(y) = 2*y - 3. Suppose 0 = 4*t - t + 4*u - 25, -5*u + 17 = -t. Let x be i(t). Suppose -4*o - 4*h + 1358 = -1666, 2*o = x*h + 1487. Is o a composite number?
False
Let r(a) = -343*a + 27. Is r(-4) composite?
False
Suppose 5*a + n = -4*n + 30, -5*a + 24 = 2*n. Suppose 1 = a*t - 11. Suppose -62 = -t*j - 2*b, -5*j - 2*b = -b - 108. Is j a prime number?
False
Let w(s) = 3*s**2 + 2*s. Let p be (-168)/(-18)*36/14. Suppose 3*m = 3*r - p, 3*m + 16 = r + 2. Is w(m) a prime number?
False
Suppose 5*c - i - 3 = 29, 0 = 3*c + i - 24. Suppose -c*w + 4*w + 5829 = 0. Is w composite?
True
Let z = -97 - -105. Is (-15172)/(-16) - (-6)/z a composite number?
True
Let w(n) = -n**2 - n - 1. Let h(m) = -2*m**2 + 8*m + 18. Let s(l) = h(l) + 5*w(l). Let o be s(5). Let q = o + 290. Is q a composite number?
True
Suppose -106224 = -4*r - j, 14615 + 11962 = r - 5*j. Is r composite?
False
Let r = 30 + -27. Let q(n) = 102*n + 11. Is q(r) prime?
True
Is (0 + 4)*(9700/16 - -3) a prime number?
True
Is (-2 + -3)*109825/(-125) a composite number?
True
Suppose 2*c - 12 = -4*n, 0 = -0*n + 5*n - 5*c - 15. Suppose 339 = n*h - 0*h. Is h a composite number?
False
Let d be ((-324)/45)/(3/10). Is ((-3344)/d)/((-2)/(-3)) a composite number?
True
Let d(h) = h**2 + 17*h + 11. Is d(18) a composite number?
False
Let x = -15 + 15. Suppose 0*k = 3*o - k - 363, -3*k = x. Suppose -5*q = 2*i - 1579, i - 510 = -2*q + o. Is q composite?
False
Let r = 5 - -7. Suppose 0*q + k = 4*q - r, -2*k = -2*q. Suppose -h + 5*f = -418, 0*h - q*h - 3*f = -1557. Is h a composite number?
True
Let k(l) be the second derivative of 3*l**3/2 + 6*l**2 - 3*l. Let v be k(-14). Let n = v + 196. Is n prime?
False
Let l(k) = -4*k**3 + k**2 - 1. Let m be l(-1). Let s(u) be the second derivative of u**4/3 - u**3/3 - u**2/2 - 14*u. Is s(m) a prime number?
False
Let y = 21 - 30. Let j be (-2)/(12/y - -2). Is 175 + (6 + j)/1 a prime number?
False
Let d be (-1)/(-2) - (-6)/(-4) - -6. Suppose d*s + 20 = 0, x + 4*s - 5524 = -3*x. Is x composite?
True
Let l(h) be the third derivative of -h**5/60 - h**4/8 + 2*h**2. Let u be l(-2). Suppose -4*r = -3*v + 81, -v + 20 = -u*r - 5. Is v composite?
False
Suppose 920 = 2*y - 510. Suppose -2*t = -219 - y. Let k = 1050 - t. Is k a prime number?
False
Suppose r + 4*j = 4*r - 5, 5*r - 3*j = 12. Suppose 0 = -0*b + r*b. Is (1 - b/3)*59 a prime number?
True
Let c = -22 + 30. Suppose -c = -2*h - 2. Suppose 0*j - 771 = -h*j. Is j composite?
False
Is (-3)/(-3)*(-99)/(-3) a prime number?
False
Suppose 19966 = 4*g + n - 16314, -27210 = -3*g + 2*n. Suppose 2*p - 3*p = -3, 5*p = 5*c - g. Let l = -744 + c. Is l prime?
False
Suppose 0 = -f + 1 + 1. Suppose -5 = -0*l - f*l + u, -2*u - 10 = -l. Suppose 2225 = -l*b + 5*b. Is b a prime number?
False
Let k(m) = -63*m - 130. Is k(-31) a composite number?
False
Suppose 4 = -4*b + 6*b. Suppose -b*p + 5*n = 7 - 47, 2*n = 3*p - 49. Suppose 16*o - p*o = 129. Is o a composite number?
True
Suppose 3*m + 5*m - 51368 = 0. Is m a prime number?
True
Let d(v) = -v**3 + v**2 + v + 8. Let k = -5 - -5. Suppose 5*o = -5*h - 45, -4*o + 5*h - 4 - 5 = k. Is d(o) composite?
True
Let j(d) = -d**3 + 7*d**2 + 7. Let m be j(7). Let s(y) = 9*y**2 - 2*y - 9. Let u(f) = -4*f**2 + f + 5. Let k(b) = m*u(b) + 4*s(b). Is k(-2) prime?
False
Let b be (-448290)/40 - (-3)/(-4). Let h = -7379 - b. Is h a prime number?
False
Let t(z) = -2*z**3 - 4*z**2 - 1. Let y(n) = -n**3 + 10*n**2 - 9*n - 6. Let l be y(9). Is t(l) composite?
True
Let o(s) = -14*s**2 + 16*s - 18. Let n(x) = -14*x**2 + 17*x - 18. Let p(m) = -4*n(m) + 3*o(m). Let t be p(14). Is t/6 - 2/3 a prime number?
False
Let n = 931 - 534. Is n prime?
True
Suppose 0 = f - 5*f - 16. Let l = f - -1. Is (-53)/(l + 1 + 1) a prime number?
True
Let r(w) = w**2 - 5. Let s b